{"id":327,"date":"2024-08-07T13:45:31","date_gmt":"2024-08-07T16:45:31","guid":{"rendered":"https:\/\/www.extrom.io\/w\/wordpress\/?post_type=product&#038;p=327"},"modified":"2025-12-23T15:00:17","modified_gmt":"2025-12-23T18:00:17","slug":"modbus-tcpip-master","status":"publish","type":"product","link":"https:\/\/www.extrom.io\/w\/wordpress\/index.php\/product\/modbus-tcpip-master\/","title":{"rendered":"MODBUS TCPIP MASTER"},"content":{"rendered":"<div class=\"_df_book df-lite\" id=\"df_328\"  _slug=\"ms4911-m-modbus-tcpip-master\" data-title=\"ms4911-m-modbus-tcpip-master\" wpoptions=\"true\" thumbtype=\"\" ><\/div><script class=\"df-shortcode-script\" type=\"application\/javascript\">window.option_df_328 = {\"outline\":[],\"autoEnableOutline\":\"false\",\"autoEnableThumbnail\":\"false\",\"overwritePDFOutline\":\"false\",\"direction\":\"1\",\"pageSize\":\"0\",\"source\":\"https:\\\/\\\/www.extrom.io\\\/w\\\/wordpress\\\/wp-content\\\/uploads\\\/2024\\\/08\\\/MS4911-M-MODBUS-TCPIP-MASTER.pdf\",\"wpOptions\":\"true\"}; if(window.DFLIP && window.DFLIP.parseBooks){window.DFLIP.parseBooks();}<\/script>\n","protected":false},"excerpt":{"rendered":"<p>O m\u00f3dulo \u00e9 um MODBUS Client no modo MASTER e permite conectar um Server<br \/>\nSLAVE (opcode 04) para obter o conte\u00fado dos seus Registros de Entrada atrav\u00e9s<br \/>\nde um conector MODBUS\/TCPIP permitindo definir sua localiza\u00e7\u00e3o de IP, sua<br \/>\nPORTA ( 1 a 245) e o endere\u00e7o de device dentro da estrutura MODBUS.<br \/>\nSomado a este recurso o modulo possui a capacidade de disponibilizar<br \/>\nautomaticamente a mesma informa\u00e7\u00e3o atrav\u00e9s de uma plataforma em NUVEM<br \/>\nIoT e armazenar a mesma para prover hist\u00f3ricos a qualquer momento.<\/p>\n","protected":false},"featured_media":331,"comment_status":"open","ping_status":"closed","template":"","meta":[],"product_brand":[],"product_cat":[22],"product_tag":[],"class_list":{"0":"post-327","1":"product","2":"type-product","3":"status-publish","4":"has-post-thumbnail","6":"product_cat-iot","8":"first","9":"instock","10":"shipping-taxable","11":"purchasable","12":"product-type-simple"},"_links":{"self":[{"href":"https:\/\/www.extrom.io\/w\/wordpress\/index.php\/wp-json\/wp\/v2\/product\/327","targetHints":{"allow":["GET"]}}],"collection":[{"href":"https:\/\/www.extrom.io\/w\/wordpress\/index.php\/wp-json\/wp\/v2\/product"}],"about":[{"href":"https:\/\/www.extrom.io\/w\/wordpress\/index.php\/wp-json\/wp\/v2\/types\/product"}],"replies":[{"embeddable":true,"href":"https:\/\/www.extrom.io\/w\/wordpress\/index.php\/wp-json\/wp\/v2\/comments?post=327"}],"wp:featuredmedia":[{"embeddable":true,"href":"https:\/\/www.extrom.io\/w\/wordpress\/index.php\/wp-json\/wp\/v2\/media\/331"}],"wp:attachment":[{"href":"https:\/\/www.extrom.io\/w\/wordpress\/index.php\/wp-json\/wp\/v2\/media?parent=327"}],"wp:term":[{"taxonomy":"product_brand","embeddable":true,"href":"https:\/\/www.extrom.io\/w\/wordpress\/index.php\/wp-json\/wp\/v2\/product_brand?post=327"},{"taxonomy":"product_cat","embeddable":true,"href":"https:\/\/www.extrom.io\/w\/wordpress\/index.php\/wp-json\/wp\/v2\/product_cat?post=327"},{"taxonomy":"product_tag","embeddable":true,"href":"https:\/\/www.extrom.io\/w\/wordpress\/index.php\/wp-json\/wp\/v2\/product_tag?post=327"}],"curies":[{"name":"wp","href":"https:\/\/api.w.org\/{rel}","templated":true}]}}